 List the prime factors of o(j).
2, 3
What are the prime factors of (-377115)/(-20) + (-31)/310 + 13/(-20)?
3, 5, 419
Let l(x) = 302*x**2 + 57*x - 21. What are the prime factors of l(8)?
19763
Suppose -60*w + 2060 = 2*s - 62*w, 3*s - 3084 = 4*w. List the prime factors of s.
2, 7, 37
Let h = 78 + 5349. What are the prime factors of h?
3, 67
Let x(t) = -643*t + 1081. List the prime factors of x(-5).
2, 3, 179
Suppose 10*n - 17017 = -1677. List the prime factors of n.
2, 13, 59
Let c(z) = 4*z**2 - 2*z + 1 + 5*z - z**2 - 7*z. What are the prime factors of c(3)?
2
Let z(w) = -3922*w**3 + 32*w**2 + 8*w + 11. What are the prime factors of z(-2)?
13, 2423
Suppose -m = 4, 0 = 9*q - 14*q - 3*m + 22303. List the prime factors of q.
4463
Suppose 34*h + 59*h + 38*h = 108599. What are the prime factors of h?
829
Let f(y) = 3*y - 13 + 19 - 3 + 10*y**2 - 5 - 1. Suppose 2*r + 4 = 4*r - 5*c, r + c = 2. What are the prime factors of f(r)?
43
Suppose -3*v - 2*v + 5*h + 53130 = 0, -3*v + 31886 = h. List the prime factors of v.
2, 2657
Suppose 2*g - 4*z - 1944 = g, -4*g + 7743 = -5*z. Suppose 3*p = -3*x + g, -2*x - x = -5*p + 3188. Suppose 7*f - p - 221 = 0. List the prime factors of f.
3, 41
Suppose 5*d - 13864 = -2*a, -d = a - 3132 + 361. List the prime factors of d.
2, 19, 73
Suppose -32 = 5*l + d + 3, 4*l + 42 = 2*d. Let p(j) = 2*j**3 + 18*j**2 + 17*j + 24. Let y(o) = -o. Let x(r) = p(r) + 6*y(r). List the prime factors of x(l).
2
Let a be ((4 - -156)/(-2))/((-1)/2). Suppose -5*t - 4*g + 386 = 0, 2*t + g - a = 5*g. What are the prime factors of t?
2, 3, 13
Suppose -12*p + 9935 = -10381. What are the prime factors of p?
1693
Suppose -3*c = -5*w + 107411, -w - 30*c + 21443 = -25*c. What are the prime factors of w?
2, 10739
Suppose -3*u = -45 - 36. Suppose 71 + 793 = 6*z. Let a = u + z. What are the prime factors of a?
3, 19
Let k(p) = -p**2 - 13*p + 3. Let l be k(-7). Let t = 46 - l. List the prime factors of t*(3 - 360/(-2 + 0)).
3, 61
Suppose 94 = 71*j - 24*j. Suppose -y - 18*k = -19*k - 1020, -j*y + 3*k = -2041. What are the prime factors of y?
1019
Let h(o) = -2*o**2 - 12*o + 7. Let q be h(-4). Suppose -16*u + q*u = 14. Suppose 5*k - 4*n - 925 - 189 = 0, -u*k = 5*n - 439. What are the prime factors of k?
2, 3, 37
Suppose -5*q - 48 = -3*b, -37 = 14*q - 10*q - b. Let y(j) = -33*j + 267. What are the prime factors of y(q)?
2, 3, 47
Let r be (1 + 21/15)/((-8)/40). Let j(v) = -v**3 - 11*v**2 + 8*v - 3. Let d be j(r). Suppose 2*p = 5*q + 42, 5*q = -4*p + d + 99. List the prime factors of p.
31
List the prime factors of ((-1965)/(-20))/((-39)/(-2132)).
41, 131
Let v = 264 - -145. Let u = -11 + v. What are the prime factors of u?
2, 199
Let g(h) = 42*h**2 - 102*h - 1048. What are the prime factors of g(-41)?
2, 13, 709
Let s(n) = n**3 - 8*n**2 - 10*n + 7. Let l be s(9). Let o(u) = -4*u**3 - 5*u**2 - 6*u - 6. List the prime factors of o(l).
2, 3
Let y = 60395 + -36340. What are the prime factors of y?
5, 17, 283
Let y = 771 + -363. Suppose 2*c = y + 774. What are the prime factors of c?
3, 197
Suppose p + 69977 = 5*i, -4*i + 3*p - 17237 + 73201 = 0. What are the prime factors of i?
13997
Let m(t) = 2*t**2 + 23*t - 74. Let o be m(-14). Let p(z) = -23*z**3 + 2*z**2 + 4*z + 45. List the prime factors of p(o).
3, 7, 73
Let w = 46 - 50. Let r(p) = p + 7. Let g be r(w). Suppose 5*n = -2*i + 126, 5*i - 284 = -0*i + g*n. List the prime factors of i.
2, 29
Suppose -g + 4030 = -4*d - 845, 5*g - 24375 = d. Suppose 8*r = g - 1659. List the prime factors of r.
2, 3, 67
Let v be (-2)/(1/(-3 + 5)) - -86. Suppose -v*a + 2408 = -80*a. What are the prime factors of a?
2, 7, 43
What are the prime factors of (112/(-98)*7)/((-2)/1989)?
2, 3, 13, 17
Let w = -2546 - -2641. Suppose k - 6 = -3*i + 10, k - 4*i = 9. Suppose -l + k = -w. What are the prime factors of l?
2, 3
Suppose -5*h + 6*h = -6*h. Suppose -b = y + 3*b - 193, 3*y + 4*b - 547 = h. What are the prime factors of y?
3, 59
List the prime factors of (-13 - -18) + (-5)/((-10)/2212).
11, 101
Suppose -2*l - 2809 = 3*y, 17*y - 20*y - 2795 = -5*l. Let d = y - -1563. List the prime factors of d.
2, 157
Let q be 19/(19/(-10))*25/(-2). Suppose 4*k + 216 = -3*a, a + 177 = -5*k - 104. Let d = q + k. List the prime factors of d.
2, 17
Let g = 0 + 1. Let m(y) = 113*y**3 - y**2 - y - 5. Let f(l) = 339*l**3 - 3*l**2 - 3*l - 14. Let o(c) = 6*f(c) - 17*m(c). List the prime factors of o(g).
2, 7
Suppose -o + 10337 = f, 2*o - 20659 = 7*f - 12*f. What are the prime factors of o?
2, 5171
Suppose -4*r + 2 = -2*r + x, -r - 4*x = 6. Suppose 0 = r*m - 3*u - 543, m - 2*m + u + 271 = 0. What are the prime factors of m?
2, 3, 5
Let v = 3238 + -193. Suppose 5*f - v = -x - 869, -f + 440 = -x. What are the prime factors of f?
2, 109
Let g(l) = -l**2 - 3*l - 8. Let a be g(-3). What are the prime factors of a/18 + (8 - (-13809)/27)?
3, 173
Let a be 3 - (-4 - -3) - 79. Let x = a - -152. Suppose 2*u + 13 - x = 0. What are the prime factors of u?
2
Let j(d) = -10 + 9*d - 13*d - 4*d. Let a be j(-2). List the prime factors of 5*a*(-24)/(-30).
2, 3
Suppose -25*g + 191 = -2284. What are the prime factors of (g/22)/((-2)/(-92))?
3, 23
Let g(a) = -6*a - 2. Let i be g(-1). Let s(d) = -4*d + 60. Let u be s(15). Suppose -288 = -4*k - 4*p, i*k - 4*p = -u*p + 312. What are the prime factors of k?
3, 5
Suppose 36*c = 30*c + 498. Let k = 431 + c. List the prime factors of k.
2, 257
Let k(r) = -4*r**2 - 13*r + 61. Let x be k(-12). Let o = -100 - x. List the prime factors of o.
7, 37
Suppose -2*g + 549 = -0*g + s, -s + 1374 = 5*g. Let m be 2 + (-2367)/(-6) - 1/2. Let q = m - g. What are the prime factors of q?
11
Let p = 17225 - 13825. What are the prime factors of p?
2, 5, 17
Let h = 48 - -437. Suppose -2*t - t = -4*p - 720, p = 2*t - h. Suppose -t = 26*d - 30*d. List the prime factors of d.
61
Let h(m) = 3458*m**2 + 90*m + 297. List the prime factors of h(-4).
5, 7, 1579
Let t(m) = 71*m + 20. Let w be t(8). Let p = w + -409. Suppose -45 = -2*d + p. List the prime factors of d.
2, 7
Let n = 193 - 356. Let v = n - -198. List the prime factors of v.
5, 7
Suppose -156*a - 783315 = -169*a. What are the prime factors of a?
3, 5, 13, 103
Let v = 812 - 695. Suppose -30 = -2*l + 54. Let k = v - l. What are the prime factors of k?
3, 5
Let m(d) = 2*d**2 + 7*d - 1. Let x be 2/4*(-7 + -13). What are the prime factors of m(x)?
3, 43
Let s = 8 + -6. Let z be 43 - (-2 + s + 3). Suppose -44*h + z*h = -404. List the prime factors of h.
101
Let o be (-5)/(-2) - 165/30. What are the prime factors of 3 + -2 - (o + -150)?
2, 7, 11
Let c(q) = q**2 + 25*q + 33. Let y be c(-14). What are the prime factors of (3 + y + -4)*(-1 + 0)?
2, 61
Suppose -5*n + 12*n + 385 = 0. Let h = 935 - n. List the prime factors of h.
2, 3, 5, 11
Let u(q) = 20 - 4*q + 13*q**2 - 2*q**3 + 8*q**2 + 0*q**3 - 13*q. List the prime factors of u(9).
2, 5, 11
Suppose -8*n - 10*n - 133458 = -44*n. What are the prime factors of n?
3, 29, 59
Let n(q) = -3*q**2 + 16*q + 14. Let z be n(6). Suppose 5*y = 3*m - 655, -y + z*y = -4*m + 904. What are the prime factors of m?
3, 5
Suppose 3*r + r = -2*u + 4114, r = 5*u + 1034. Suppose 7009 = 13*j + r. List the prime factors of j.
2, 5, 23
Suppose 35*z - 908503 - 882902 = 0. List the prime factors of z.
3, 11, 47
Let s be (-1 + 0)/(8 - 7). Let j(t) = 371*t**2 - 4*t - 2. List the prime factors of j(s).
373
Let f = 1417 - 634. Let j = f - 164. What are the prime factors of j?
619
Let w(v) = 11*v**2 - 482*v - 114. What are the prime factors of w(52)?
2, 3, 761
Let x be ((1 + 0)*4)/1. Let v be (-7336)/(-126) - x/18. Let y = v - 33. List the prime factors of y.
5
Suppose 6*v = -12*v + 90. Suppose 2*z - 3*i - 2379 + 196 = 0, v*z + 3*i - 5510 = 0. List the prime factors of z.
7, 157
Suppose -7 = -4*m + 1. Suppose -83 - 217 = m*l. Let j = 228 + l. What are the prime factors of j?
2, 3, 13
Suppose -m = -j + 26164, 0 = -13*j + 8*j - 4*m + 130757. List the prime factors of j.
3, 8719
Let k(f) be the first derivative of 6*f**2 - 45*f - 1. Let d be ((480/(-4))/(-4))/(4/2). List the prime factors of k(d).
3, 5
Let g = 498 + -171. Suppose 3*t + 25929 = -126*t. Let z = t + g. List the prime factors of z.
2, 3, 7
Let n(c) be the third derivative of 95*c**4/24 - 21*c**3/2 + 42*c**2. What are the prime factors